ve i(z).
8
Suppose -5*t - 238 = -283. Let r(q) = q + 6 + t + 0*q - 11. What is r(-7)?
-3
Let h(b) = 35*b**2 - 8*b - 2. Let g(k) = -58*k**2 + 15*k + 3. Let y(o) = -3*g(o) - 5*h(o). Let p = 17 - 26. Let s be ((-21)/p)/(3/(-9)). Determine y(s).
-13
Let s(x) be the first derivative of 2*x**3/3 + x**2 - 2*x - 1. Let j(r) = 3*r**3 + 840*r**2 - 10*r - 2798. Let h be j(-280). Give s(h).
10
Suppose -3*o - 3*x = -4*o + 25, -o = -2*x - 20. Let w(v) = 181*v + 174*v + v**2 + 181*v + 173*v - 3 - 897*v + 179*v. Determine w(o).
7
Let o(w) = -w**3 - w + 47. Suppose 0 = 27*t - 17*t + 25*t. Determine o(t).
47
Let i(h) be the third derivative of -h**5/60 + 17*h**4/24 - 5*h**3/3 - 74*h**2 + 2*h. Let q be i(16). Let c(t) = -2*t**2 + 7*t + 7. Determine c(q).
-23
Let w(i) be the first derivative of -i**3/3 + 9*i**2/2 - 14*i + 1378. Determine w(6).
4
Suppose -197 = -2*b + n - 196, -15 = -5*n. Let w(q) be the second derivative of -5*q**b - q**3 + 0 + 6*q - 1/2*q**4 + 1/20*q**5. Give w(7).
-3
Let g(i) = -14*i + 34. Let b(q) = -38*q**2 - 312*q - 60. Let k be b(-8). What is g(k)?
-22
Let o(p) = p**2 - 7*p + 9. Let b(k) = -9*k**2 + 8*k + 22. Let r be b(-4). Let z = r + 161. Determine o(z).
9
Suppose -6*z + 91 = -45*z - 65. Let k(a) = 8*a + 36. Give k(z).
4
Let a(p) = 24 + 23 + 19 + 25 - 3*p - 90. Suppose -z - 4*f = f - 30, -25 = -2*z - 3*f. Let c(j) = -j + 1. Let x be c(z). What is a(x)?
13
Let n(l) be the first derivative of -l**5/24 - l**4/8 + 56*l**3/3 + 244. Let a(o) be the third derivative of n(o). What is a(-1)?
2
Let x(k) = -3 - 1422*k**3 + 13*k**2 + 2*k + 719*k**3 + 702*k**3. What is x(13)?
23
Let l(o) be the second derivative of -o**6/120 + 2*o**5/15 - o**4/12 + 2*o**3 - 77*o**2/2 - 10*o + 1. Let k(s) be the first derivative of l(s). What is k(8)?
-4
Let q = 21 + -53. Let b = q - -34. Let v(l) = 28 - 38 - 2*l - l + b*l. What is v(-6)?
-4
Let f(v) = -20*v + 7. Let y(p) = 5*p + 3. Let u(w) = -f(w) - 2*y(w). What is u(4)?
27
Let v(y) = -16*y**3 + 209*y**2 - 52*y - 944. Let t(l) = -l**3 + 13*l**2 - 3*l - 59. Let z(n) = -33*t(n) + 2*v(n). What is z(11)?
4
Let t(b) = -b**3 + 3. Suppose -82 = 4*q + 9*y - 11*y, -2*q - 21 = -5*y. Let o(s) = 4*s + 92. Let d be o(q). Give t(d).
3
Let u(f) = f**3 + 2*f**2 - 6*f - 3. Let a be ((-24)/(-48))/((-2)/20). Let i be a/((-15)/4)*-3. Calculate u(i).
-11
Let q(s) = -95*s + 285. Let g be q(3). Let p(v) = -v**3 + 2*v**2 - 12. Calculate p(g).
-12
Let k(z) be the second derivative of 23*z**4/12 - z**3/6 + 29*z - 1. Determine k(1).
22
Let u(m) be the third derivative of -m**6/120 + m**5/12 + 5*m**4/24 - 5*m**3/6 + 1271*m**2. Calculate u(4).
31
Let b(z) = z + 8. Let v = 2 - 0. Suppose -5*n - 2*t + 25 = 0, v*n = 4*t - 11 - 3. Let r = 3 - n. What is b(r)?
8
Let u(t) = t**2 - 3*t - 6. Suppose 5*d = d. Suppose 0*h + h - 156 = 4*a, d = -a - 5*h - 60. Let z = a - -45. What is u(z)?
4
Let a(x) = x**2 - 52*x - 219. Let u be a(-4). Let v(p) be the second derivative of -1/20*p**u + 1/2*p**2 + 17*p + 1/2*p**4 + 0*p**3 + 0. Calculate v(6).
1
Let a(u) = -168*u - 3034. Let c(m) = 34*m + 589. Let i(r) = -3*a(r) - 16*c(r). Calculate i(-8).
-2
Suppose 299 = 75*t - 450 - 451. Let u(k) = k - 5. What is u(t)?
11
Let w(g) be the first derivative of -g**2 + 35*g + 3492. Give w(7).
21
Let j be 18/(-27) - (-694)/6. Let c = -109 + j. Let k(t) = t**3 - 7*t**2 + 3*t + 14. What is k(c)?
-4
Let z(s) = -6*s**2 - 7*s - 3. Let l = 2221 + -2224. What is z(l)?
-36
Suppose -11*p - 5 = -27. Let v(h) = 6*h + 170 + 0*h**p + h**2 - 171. Determine v(-5).
-6
Let g(u) = u**3 - u. Let q(m) = -m - 10. Let t be q(-10). Suppose t*j = 4*j - 8. Give g(j).
6
Suppose 13*q = -0*q + 26. Let b(j) = 120*j**q + j + 131*j**2 + 1 - 386*j**2 + 124*j**2. What is b(-1)?
-11
Let i(d) be the third derivative of d**6/180 - d**5/60 - d**4/12 + 11*d**3 - 80*d**2. Let o(a) be the first derivative of i(a). Give o(2).
2
Suppose 0 = -27473*g + 27509*g - 468. Let y(t) = -t**3 + 15*t**2 - 25*t - 14. Give y(g).
-1
Suppose -4*k + 4 = 5*a, -38*a = -4*k - 37*a + 28. Let l(f) = -2 - f**3 + 6*f + 5*f**2 + 8 - 2*f. Give l(k).
-6
Let c = 5903 + -35413/6. Let p(s) be the third derivative of -1/60*s**5 + 23*s**2 - 5/24*s**4 - c*s**3 + 0*s + 0. What is p(-4)?
-1
Let v(b) = -2*b**2 - 40*b - 79. Let j = 13041 - 13043. Calculate v(j).
-7
Let d(f) = 4292 - 28*f - 4296 - 22*f. Calculate d(-2).
96
Let v(a) = a**2 + 5*a + 4. Let z(y) = 1. Let g(o) = -v(o) + 5*z(o). Suppose 0 = 132*f - 135*f - 12. Determine g(f).
5
Let j = 294 + -297. Let n(g) = -6*g**2 - 4*g. Let h(x) = 7*x**2 + 5*x + 1. Let z(v) = -3*h(v) - 4*n(v). What is z(j)?
21
Let k be ((80/(-2))/(-5))/(-2). Let o(v) = -v**2 - 5*v + 14. Let i(z) = -z**2 - 7*z + 22. Let f(x) = 5*i(x) - 8*o(x). What is f(k)?
26
Let n(g) = g**3 + g**2 + 3. Let q be n(0). Let i(d) = -1 + d - 3*d + d**2 + d**2 - 3*d**q. Suppose -8 = -4*j + r, j - 3*r - 11 = -9. Determine i(j).
-21
Let m(q) = -2*q - 4. Let l be m(-5). Let c(b) = -7*b - 584. Let p(n) = 2*n + 196. Let a(o) = -c(o) - 3*p(o). Give a(l).
2
Let g(l) = 205*l - 154. Let y(p) = 224*p - 153. Let b(r) = -10*g(r) + 9*y(r). Determine b(5).
-7
Let y = -5879 + 5881. Let i = -3 + 7. Let n(a) = -i*a + 3*a + a**3 + 2 + 3*a - 2*a**2. What is n(y)?
6
Let d(w) = -w**2 - 5*w + 86. Let q be d(-12). Suppose -5*z = 4*r + 1 + 3, 2*z - q*r + 16 = 0. Let p(f) = f**3 + 7*f**2 - 2*f - 3. Calculate p(z).
53
Suppose 462 - 470 = 2*h + m, 14 = -h + 2*m. Let v(a) = 6*a + 7. Calculate v(h).
-29
Let q(w) be the first derivative of 9*w**2/2 + 64*w + 4675. What is q(-7)?
1
Let m = 91 - 22. Let t(f) = 7*f - 35. Let v be t(-5). Let o = m + v. Let q(a) = -4*a**3 - a**2 - 2*a - 1. Determine q(o).
4
Suppose 5*l = -5*o + 30, 4*l + 11 = -5*o + 38. Let i(b) = 3*b**3 - b + 1. Let d be i(1). Let x(n) = 5 - d*n + 0*n + 1 - 3. Calculate x(l).
-6
Let r(p) = p**2 + p + 2. Suppose 144 = -94*v + 98*v. Suppose -11*q - v = -2*q. Calculate r(q).
14
Suppose -23*w = -2*w. Suppose w = -u - 3*l + 22, -67 = -u - 3*u - 5*l. Let s(q) = 2*q - 32. Give s(u).
-6
Let c(d) = -3*d + 16. Suppose -25*t + 24*t = -2*g - 18, -5*g - 5*t - 75 = 0. What is c(g)?
49
Suppose -5 = -8*n + 3. Suppose 2 = s + n. Let x(i) = 23*i - 26*i - 2*i**2 + s + 2. What is x(-3)?
-6
Let v(p) = 2*p - 2. Suppose -17*w + 27 = -8*w. Calculate v(w).
4
Let h be (24/(-9))/8 - 34/(-3). Let m(x) be the first derivative of 0*x**3 - 1/4*x**4 - h + 3*x + 5/2*x**2. What is m(-3)?
15
Let a(k) be the first derivative of k**5/60 + 3*k**4/8 + 5*k**3/3 - 57*k**2/2 - 120. Let l(z) be the second derivative of a(z). Give l(-9).
10
Let p = -107 + 111. Let y(c) = 596 + 3*c**2 - 5*c - c**3 + 7*c + c - 593. Give y(p).
-1
Suppose 2*k = -0*k. Let f = -367 + 370. Let p(n) = -2*n + f*n + 1 + k - 5. Calculate p(7).
3
Let o(j) = 4*j**2 - 220*j + 51. Let d(r) = -2*r**2 + 80*r - 25. Let k(s) = 5*d(s) + 2*o(s). What is k(-17)?
79
Let y(w) = 4*w - 2. Let x(q) = -q**2 - 10*q - 24. Let t(r) = -25*r - 79. Let i be t(-3). Let g be x(i). What is y(g)?
-2
Let g(m) = -23*m - 1 - 33*m - 34*m - 28*m + 7*m**2 + 121*m. Determine g(-3).
53
Let z = -22 - -26. Suppose -4*n = z*n - 3*n. Let d(m) = -m + 5. Determine d(n).
5
Let k(p) be the second derivative of 8*p**3/3 - 75*p**2 - 11852*p. What is k(10)?
10
Let q(r) be the second derivative of -25*r**4/6 + r**2/2 - 1492*r - 2. Determine q(1).
-49
Let t = -248256 + 248264. Let u(y) = 3*y**3 - 24*y**2 + 23*y - 23. Let b(n) = n**3 - 8*n**2 + 8*n - 8. Let j(w) = 11*b(w) - 4*u(w). Calculate j(t).
-28
Let u be (14*28/245)/((-4)/(-20)). Let b(r) = -2*r - 12. Calculate b(u).
-28
Let j(k) = k + 7. Let f be (39/(-24) + 2)/((-4)/(-32)). Suppose -9*q = -8*q + f*o + 17, -34 = 4*q - 5*o. Calculate j(q).
-4
Let u(w) = 77*w - w**2 + 76*w - 156*w. Let n(o) = 3*o**2 + 43*o + 11. Let r be n(-14). What is u(r)?
0
Suppose -4*z - 6 = -y - 24, 2*y + z - 9 = 0. Let i(q) = -175*q + 0*q**2 - 2 + 173*q - q**y. Give i(-2).
-2
Suppose 136 - 4 = 12*z. Let a(d) = -7 - 6*d**2 + 23 + z*d + 7*d**2 - 5. Calculate a(-9).
-7
Let v(c) = 3*c + 28. Let x(i) = -i - 8. Let s(z) = -v(z) - 4*x(z). Let f = 3 - 11. Let b be -11 - 4/(f/6). What is s(b)?
-4
Let l(w) = -w**2 + 32*w + 110. Suppose 4210 = 122*b - 60. Determine l(b).
5
Let a(r) be the third derivative of r**7/2520 + r**6/90 - r**5/30 - 11*r**4/6 - 72*r**2. Let x(q) be the second derivative of a(q). Determ